-3). Let k = 132 - u. Suppose x - k = 53. What is the highest common divisor of x and 17?
17
Let m = 2677 + -2512. What is the highest common factor of m and 57?
3
Suppose 0 = -4*p - 0*p + 1904. Let o = 79967 + -79939. Calculate the highest common divisor of o and p.
28
Suppose 5*y + 272 = -2143. Let k = 1171 + y. Calculate the greatest common factor of 16 and k.
16
Suppose -76*p = -122*p + 178848. What is the highest common divisor of p and 16?
16
Suppose 252*m = v + 255*m - 10381, 0 = -4*v + 5*m + 41490. Calculate the greatest common divisor of 125 and v.
125
Let d be (-2 + 21 + -3)/2. Suppose -4*l = -d*l - 4*j - 84, 0 = l + 3*j + 23. Let h be l/14*(-5 + -9). What is the greatest common divisor of 10 and h?
10
Suppose -58*r + 100998 = 63*r - 103*r. What is the greatest common divisor of r and 543?
181
Let l(n) = -16*n**3 + n + 1. Let m be l(-1). Suppose -20*x = 263 - 23. Let b(c) = 6*c + 96. Let q be b(x). Calculate the greatest common divisor of q and m.
8
Let m = -59 - -61. Suppose 3*y + m = y. Let x be 2*(y + 2) - -22. Calculate the greatest common factor of x and 3.
3
Suppose -18*j + 24 = -17*j. Calculate the highest common divisor of j and 2412.
12
Suppose 1147*j - 8716 = 31429. Let g be (1 - 0)*10/1. What is the greatest common divisor of g and j?
5
Let i(h) = 5*h**2 - 3*h - 2. Let a(q) = -q - 6. Let t be a(-5). Let s be i(t). Let g be ((-90)/(-27))/(2/s). What is the greatest common factor of 70 and g?
10
Suppose 3*d + 224 = 422. Suppose -k + 4*o = -54, d = k - 2*o + 6. Suppose 4*h - 4*m - 60 = -24, h - 15 = 3*m. Calculate the greatest common factor of h and k.
6
Let l(x) = -x**3 + 2*x**2 - 9*x + 1. Let g be l(-7). Let a = g - 442. Calculate the greatest common factor of 147 and a.
21
Suppose -54 = -790*u + 784*u. Suppose 0*c + 288 = u*c. What is the greatest common factor of 288 and c?
32
Suppose 0 = 3*u - 27*u + 18144. Suppose -2*z + u = 16*z. What is the highest common factor of z and 189?
21
Let d = 232 - 222. Let t(w) = -w**2 + 10*w - 13. Let i be t(2). What is the highest common factor of d and i?
1
Let p(c) = 2*c**2 - 41*c + 262. Let u be p(-34). Calculate the greatest common divisor of 1736 and u.
248
Suppose 1815 = 3*t - 3*v - 0*v, 612 = t - 2*v. Calculate the highest common divisor of t and 39.
13
Let w = 25 + -39. Let x be (-500)/w + (-18)/(-63). What is the greatest common factor of x and 36?
36
Let n = -115 + 120. Suppose 0 = n*r + 12 + 48. Let u be ((-3)/4)/(r/304). What is the highest common divisor of u and 1?
1
Let x(i) = i**2 - 13*i + 62. Let z be x(6). Let m(c) = -2*c**3 - 9*c**2 + 4. Let w be m(-5). Let q = w + 71. Calculate the greatest common divisor of z and q.
20
Let z(g) = 2*g - 16. Let n be z(10). Suppose n*w = 5*w - 72. Suppose 43*r - 279 = 12*r. What is the greatest common divisor of w and r?
9
Let c = 330 - 325. Suppose -5*o + 260 = c*n, -3*o + 13*n - 14*n + 156 = 0. Let v = 85 + -59. Calculate the highest common factor of o and v.
26
Let a(p) = 7*p + 56. Let l be a(11). Suppose 15 = 3*w, -5*c + 159 = -4*w - 26. Let k = c - 22. What is the highest common divisor of l and k?
19
Let x = -1179 + 1181. Let j(r) be the second derivative of 7*r**3/6 - 5*r**2/2 - r. Let g be j(x). Calculate the greatest common factor of g and 72.
9
Let k = 1 - -144. Let h = k - -87. What is the highest common divisor of h and 29?
29
Suppose 3*g - 4*t = -12, -12*g + 8*g - 2*t = -6. Let a be 4/(66/(-77) + g + 1). What is the greatest common factor of a and 28?
28
Let x(f) = 3*f - 29. Suppose 8*v = -218 - 302. Let n = 78 + v. Let k be x(n). What is the highest common divisor of k and 70?
10
Let o be 3/3 + (-4 - (11 - 16)) - -37. What is the greatest common factor of 6357 and o?
39
Suppose -9*c + 24 = -3*c. Let j be (-2)/20 - (-29963)/830. What is the highest common factor of c and j?
4
Suppose 2*r = -o + 56, -346*r = 4*o - 349*r - 268. What is the highest common factor of o and 19424?
32
Suppose -2*h = 0, 3*h = -x + 27 + 88. Suppose -3*z = -3*g + 2*g - 301, -z + 4*g + x = 0. What is the greatest common divisor of 22 and z?
11
Let b = 5 - 4. Let d be (-10)/4*-10*(-176)/(-550). Calculate the greatest common divisor of d and b.
1
Suppose 20 = 5*h + 2*n, -2*n - 3*n = h + 19. Suppose -4*i = 2*u - 318, 0 = 5*i + h*u - u - 405. What is the greatest common factor of 234 and i?
78
Suppose 33*k = 195*k - 21989 - 9115. What is the greatest common factor of k and 304?
16
Let m = -28 + 40. Let r be 32/m*51/2. What is the greatest common divisor of 17 and r?
17
Let m be 2/(-3) - ((-993)/(-9) - 3). Let f = m + 80. Let k be (f/49)/(2/(-56)). Calculate the greatest common divisor of k and 40.
8
Let p = 41 + 15. Let f = 140 + -33. Let i = f + -100. What is the highest common divisor of p and i?
7
Let b be (1389/2)/(3/6). Suppose -b = -4*n + 339. What is the greatest common factor of n and 12?
12
Let t = -14947 + 15529. What is the highest common divisor of t and 12?
6
Suppose -208 = -25*c + 113*c - 2584. Calculate the greatest common factor of c and 24.
3
Suppose -6*o + 5*o + 59 = 0. Suppose y + 0*y = o. Suppose l = 95 + y. What is the highest common factor of l and 14?
14
Suppose -103*s + 87*s - 2744 = -65*s. Calculate the greatest common divisor of 1528 and s.
8
Let b(p) = -2*p**3 - 10*p**2 - 17*p - 15. Let j be b(-10). Suppose 0 = 14*m + 7*m - j. Calculate the highest common divisor of m and 5.
5
Let d be 5208/108 - 2/9. Let u be (d/14)/(8/28). Let a(q) = q**3 + 15*q**2 + 24*q + 4. Let y be a(-13). Calculate the highest common divisor of u and y.
6
Let n = -61 + 63. Let z(g) = g**2 - 10*g + 10. Let t be z(10). What is the highest common factor of n and t?
2
Suppose 14*d + 41 - 293 = -14*d. What is the greatest common factor of d and 1044?
9
Let l be -2 - -1 - 69/(-23). Suppose 41 = l*z + 11. Let q be (-5)/10*1*-120. Calculate the highest common divisor of q and z.
15
Let a be 22*5*58/20. What is the greatest common factor of a and 352?
11
Let s(x) = 62*x**3 + x**2 - 1. Let h be s(1). Let o(m) = 366*m + 496. Let t be o(0). What is the greatest common factor of t and h?
62
Let u(s) = -449*s**2 + 3160*s - 4. Let c be u(7). Let y(f) = -15*f + 1. Let h be y(-3). Calculate the greatest common factor of c and h.
23
Suppose 5*i + 2*z - 18142 = -z, 0 = -3*i + 4*z + 10891. What is the highest common factor of 1528 and i?
191
Let s = -22 + 64. Suppose 2*x - 185*v + 186*v = 139, 3*x - 5*v = 215. Calculate the highest common factor of s and x.
14
Suppose -198 = -42*k + 39*k. Suppose -75*m = -k*m - 900. What is the highest common divisor of 550 and m?
50
Suppose 3*q - 14*q - 77 = 0. Let b be (0 - q/28)/(2/40). Suppose 24 = 3*i - b*t + 2*t, -4*t = i - 8. What is the greatest common divisor of 16 and i?
8
Let y(b) = -b**3 + 53*b**2 - 89*b + 85. Let v be y(51). Calculate the greatest common factor of v and 407.
11
Let n be (54/(-81))/(4/(-18)). Let h(m) = -3*m + 36. Let t be h(11). What is the highest common factor of n and t?
3
Suppose -13*h = 7*h + 9*h - 17690. What is the highest common factor of 40 and h?
10
Let j = 17503 + -17047. What is the highest common divisor of 15276 and j?
228
Let x = -395 + 399. Let b be (2 + x)/(30/100). What is the highest common divisor of 36 and b?
4
Let m(d) = -54*d + 36. Let l be m(-4). Suppose 0*g = -6*g + l. Calculate the greatest common divisor of g and 112.
14
Let v = 163 + -137. Suppose s + 13 = 2*a + a, -4*s - a - 52 = 0. Let n = s + v. What is the highest common divisor of n and 26?
13
Let t(u) = 27*u - 2290. Let d be t(90). What is the greatest common divisor of d and 770?
70
Let r = -3566 - -3627. Let d(i) = i**3 + 17*i**2 - 7*i - 10. Let c be d(-11). Calculate the greatest common divisor of r and c.
61
Let m be (-145)/(-290) - (-327)/6. Calculate the greatest common divisor of m and 1144.
11
Suppose -i - i + 5*w + 19768 = 0, -12*i + 118404 = 4*w. Calculate the greatest common divisor of 71 and i.
71
Let h = -57 + 566. Let x = -1290 - -1056. Let v = h + x. What is the highest common divisor of 25 and v?
25
Suppose 105*f + 96*f - 6452 = 382. Calculate the greatest common divisor of 697 and f.
17
Suppose -2*j = -2*q + 18, 0*j - 5 = 5*j. Suppose 0 = q*l - 42 + 2. Calculate the highest common divisor of l and 25.
5
Let o = 155 + -93. Let q(a) = -3*a**3 - 48*a**2 - 50*a - 49. Let f be q(-15). Let n = o - f. What is the